{"id":8018,"date":"2015-05-27T00:39:41","date_gmt":"2015-05-27T03:39:41","guid":{"rendered":"http:\/\/s11396.p20.sites.pressdns.com\/?page_id=6496"},"modified":"2021-09-20T22:50:29","modified_gmt":"2021-09-21T01:50:29","slug":"fale-conosco","status":"publish","type":"page","link":"https:\/\/ceafmc.animaker.com.br\/?page_id=8018","title":{"rendered":"Fale Conosco"},"content":{"rendered":"\n<div class=\"container section-title-container\" ><h3 class=\"section-title section-title-normal\"><b aria-hidden=\"true\"><\/b><span class=\"section-title-main\" >Fale Conosco<\/span><b aria-hidden=\"true\"><\/b><\/h3><\/div>\n\n<div class=\"row row-large\"  id=\"row-822833216\">\n\n\n\t<div id=\"col-1391698156\" class=\"col medium-6 small-12 large-6\"  >\n\t\t\t\t<div class=\"col-inner\"  >\n\t\t\t\n\t\t\t\n\n<div class=\"message-box relative\" style=\"padding-top:15px;padding-bottom:15px;\"><div class=\"message-box-bg-image bg-fill fill\" ><\/div><div class=\"message-box-bg-overlay bg-fill fill\" style=\"background-color:rgb(246, 233, 214);\"><\/div><div class=\"container relative\"><div class=\"inner last-reset\">\n\n<div class=\"row align-middle align-center\"  id=\"row-1463124574\">\n\n\n\t<div id=\"col-1884964789\" class=\"col small-12 large-12\"  >\n\t\t\t\t<div class=\"col-inner\"  >\n\t\t\t\n\t\t\t\n\n<p style=\"text-align: justify\"><span style=\"font-size: 80%\"><button id=\"bb1\" type=\"button\" value=\"Play\" class=\"responsivevoice-button\" title=\"ResponsiveVoice Tap to Start\/Stop Speech\"><span>&#128266; Ouvir<\/span><\/button>\n        <script>\n            bb1.onclick = function(){\n                if(responsiveVoice.isPlaying()){\n                    responsiveVoice.cancel();\n                }else{\n                    responsiveVoice.speak(\"Com o objetivo de melhorar o relacionamento e a comunica\u00e7\u00e3o com os seus usu\u00e1rios, as Unidades de Farm\u00e1cia de Alto Custo colocam, \u00e0 sua disposi\u00e7\u00e3o, diferentes canais de comunica\u00e7\u00e3o, sendo eles: Servi\u00e7o de Atendimento ao Usu\u00e1rio (SAU): As Unidades de Farm\u00e1cia de Alto Custo possuem Servi\u00e7o de Atendimento ao Usu\u00e1rio (SAU), com o objetivo de receber elogios, sugest\u00f5es ou cr\u00edticas feitas por seus usu\u00e1rios, al\u00e9m de fornecer orienta\u00e7\u00f5es e buscar solu\u00e7\u00f5es para as demandas recebidas, auxiliando na melhoria dos servi\u00e7os prestados. O SAU de cada uma das Unidades de Farm\u00e1cia de Alto Custo \u00e9 de f\u00e1cil identifica\u00e7\u00e3o e localiza\u00e7\u00e3o pelos usu\u00e1rios. Os atendimentos no SAU s\u00e3o realizados pessoalmente, por meio de caixas de sugest\u00f5es, telefone ou correio eletr\u00f4nico.\", \"Brazilian Portuguese Female\");\n                }\n            };\n        <\/script>\n    <\/span>Com o objetivo de melhorar o relacionamento e a comunica\u00e7\u00e3o com os seus usu\u00e1rios, as Unidades de Farm\u00e1cia de Alto Custo colocam, \u00e0 sua disposi\u00e7\u00e3o, diferentes canais de comunica\u00e7\u00e3o, sendo eles:<\/p>\n<p style=\"text-align: justify\"><strong>Servi\u00e7o de Atendimento ao Usu\u00e1rio (SAU):<\/strong><\/p>\n<p style=\"text-align: justify\">As Unidades de Farm\u00e1cia de Alto Custo possuem Servi\u00e7o de Atendimento ao Usu\u00e1rio (SAU), com o objetivo de receber elogios, sugest\u00f5es ou cr\u00edticas feitas por seus usu\u00e1rios, al\u00e9m de fornecer orienta\u00e7\u00f5es e buscar solu\u00e7\u00f5es para as demandas recebidas, auxiliando na melhoria dos servi\u00e7os prestados.<\/p>\n<p style=\"text-align: justify\">O SAU de cada uma das Unidades de Farm\u00e1cia de Alto Custo \u00e9 de f\u00e1cil identifica\u00e7\u00e3o e localiza\u00e7\u00e3o pelos usu\u00e1rios.<\/p>\n<p style=\"text-align: justify\">Os atendimentos no SAU s\u00e3o realizados pessoalmente, por meio de caixas de sugest\u00f5es, telefone ou correio eletr\u00f4nico.<span style=\"font-size: 14.4px\"><\/span><\/p>\n\n\t\t<\/div>\n\t\t\t\t\t<\/div>\n\n\t\n\n<\/div>\n\n<\/div><\/div><\/div>\n\n\t\t<\/div>\n\t\t\t\t\t<\/div>\n\n\t\n\n\t<div id=\"col-2040054965\" class=\"col medium-6 small-12 large-6\"  >\n\t\t\t\t<div class=\"col-inner\"  >\n\t\t\t\n\t\t\t\n\n<h3 style=\"text-align: left\">Formas de Contato<span style=\"font-size: 80%\"><button id=\"bb2\" type=\"button\" value=\"Play\" class=\"responsivevoice-button\" title=\"ResponsiveVoice Tap to Start\/Stop Speech\"><span>&#128266; Ouvir<\/span><\/button>\n        <script>\n            bb2.onclick = function(){\n                if(responsiveVoice.isPlaying()){\n                    responsiveVoice.cancel();\n                }else{\n                    responsiveVoice.speak(\"Caixas de Sugest\u00f5es: localizadas nas Recep\u00e7\u00f5es e nos Corredores das Unidades; SAU: atendimento pessoal. UNIDADE MOGI DAS CRUZES: Correio Eletr\u00f4nico:\u00a0mogidascruzes@ceaf.spdm.org.br; Telefone: (11) 4637-4540 Hor\u00e1rio de atendimento:\u00a0segundas \u00e0s sextas-feiras, das 07 \u00e0s 17 horas. Fale com a Coordena\u00e7\u00e3o T\u00e9cnica Administrativa das Unidades de Farm\u00e1cia:\u00a0As Equipes Locais de Coordena\u00e7\u00e3o T\u00e9cnica Administrativa tamb\u00e9m estar\u00e3o \u00e0 sua disposi\u00e7\u00e3o, para lhe oferecer qualquer orienta\u00e7\u00e3o necess\u00e1ria. Teremos muito prazer em ouvi-lo!\", \"Brazilian Portuguese Female\");\n                }\n            };\n        <\/script>\n    <\/span><\/h3>\n<div id=\"escondido_b\">\n<ul>\n<li style=\"text-align: justify\">Caixas de Sugest\u00f5es: localizadas nas Recep\u00e7\u00f5es e nos Corredores das Unidades;<\/li>\n<li style=\"text-align: justify\">SAU: atendimento pessoal.<\/li>\n<\/ul>\n<p><b>UNIDADE MOGI DAS CRUZES:<\/b><\/p>\n<p><span style=\"font-weight: 400\">Correio Eletr\u00f4nico:\u00a0<\/span><a href=\"mailto:mogidascruzes@ceaf.spdm.org.br\"><span style=\"font-weight: 400\">mogidascruzes@ceaf.spdm.org.br<\/span><\/a><span style=\"font-weight: 400\">;<\/span><\/p>\n<p><span style=\"font-weight: 400\">Telefone: (11) 4637-4540<\/span><\/p>\n<p><span style=\"font-weight: 400\">Hor\u00e1rio de atendimento:\u00a0segundas \u00e0s sextas-feiras, das 07 \u00e0s 17 horas.<\/span><\/p>\n<p style=\"text-align: justify\"><strong>Fale com a Coordena\u00e7\u00e3o T\u00e9cnica Administrativa das Unidades de Farm\u00e1cia:\u00a0<\/strong>As Equipes Locais de Coordena\u00e7\u00e3o T\u00e9cnica Administrativa tamb\u00e9m estar\u00e3o \u00e0 sua disposi\u00e7\u00e3o, para lhe oferecer qualquer orienta\u00e7\u00e3o necess\u00e1ria. Teremos muito prazer em ouvi-lo! <span style=\"font-size: 14.4px\"><\/span><\/p>\n<\/div>\n\n\t\t<\/div>\n\t\t\t\t\t<\/div>\n\n\t\n\n<\/div>\n\n","protected":false},"excerpt":{"rendered":"","protected":false},"author":1,"featured_media":0,"parent":0,"menu_order":0,"comment_status":"closed","ping_status":"closed","template":"","meta":{"footnotes":""},"class_list":["post-8018","page","type-page","status-publish","hentry"],"_links":{"self":[{"href":"https:\/\/ceafmc.animaker.com.br\/index.php?rest_route=\/wp\/v2\/pages\/8018","targetHints":{"allow":["GET"]}}],"collection":[{"href":"https:\/\/ceafmc.animaker.com.br\/index.php?rest_route=\/wp\/v2\/pages"}],"about":[{"href":"https:\/\/ceafmc.animaker.com.br\/index.php?rest_route=\/wp\/v2\/types\/page"}],"author":[{"embeddable":true,"href":"https:\/\/ceafmc.animaker.com.br\/index.php?rest_route=\/wp\/v2\/users\/1"}],"replies":[{"embeddable":true,"href":"https:\/\/ceafmc.animaker.com.br\/index.php?rest_route=%2Fwp%2Fv2%2Fcomments&post=8018"}],"version-history":[{"count":0,"href":"https:\/\/ceafmc.animaker.com.br\/index.php?rest_route=\/wp\/v2\/pages\/8018\/revisions"}],"wp:attachment":[{"href":"https:\/\/ceafmc.animaker.com.br\/index.php?rest_route=%2Fwp%2Fv2%2Fmedia&parent=8018"}],"curies":[{"name":"wp","href":"https:\/\/api.w.org\/{rel}","templated":true}]}}